 (base 15) to base 13
-4
2 (base 10) to base 7
2
-38 (base 11) to base 7
-56
Convert 93 (base 11) to base 5.
402
What is 8 (base 12) in base 14?
8
Convert -1 (base 6) to base 12.
-1
Convert 6 (base 7) to base 11.
6
What is -6 (base 16) in base 10?
-6
Convert -2 (base 8) to base 12.
-2
What is -100111101 (base 2) in base 7?
-632
Convert 50 (base 12) to base 14.
44
Convert -3 (base 6) to base 16.
-3
What is 1 (base 9) in base 3?
1
Convert 51 (base 15) to base 3.
2211
What is 82 (base 9) in base 7?
134
-11 (base 8) to base 6
-13
Convert -15 (base 6) to base 8.
-13
23 (base 9) to base 11
1a
Convert 112 (base 6) to base 9.
48
Convert 3 (base 13) to base 9.
3
What is 140 (base 6) in base 3?
2020
What is 0 (base 3) in base 14?
0
What is -12 (base 8) in base 10?
-10
What is -26 (base 7) in base 8?
-24
6 (base 10) to base 6
10
What is -11 (base 5) in base 6?
-10
What is -63 (base 8) in base 11?
-47
What is 2 (base 14) in base 9?
2
Convert -4 (base 11) to base 7.
-4
What is -1230 (base 5) in base 11?
-163
What is 134 (base 15) in base 9?
334
What is d (base 15) in base 13?
10
What is -87 (base 15) in base 3?
-11201
-2 (base 13) to base 5
-2
1100 (base 3) to base 16
24
What is -109 (base 13) in base 11?
-152
What is -31 (base 14) in base 11?
-3a
0 (base 8) to base 9
0
Convert -31 (base 4) to base 16.
-d
-60 (base 9) to base 11
-4a
Convert 10 (base 5) to base 14.
5
What is 343 (base 5) in base 3?
10122
What is -14 (base 8) in base 7?
-15
13 (base 12) to base 2
1111
What is 12 (base 10) in base 3?
110
Convert 65 (base 13) to base 14.
5d
2 (base 15) to base 3
2
f (base 16) to base 8
17
What is 4 (base 13) in base 6?
4
Convert -1b (base 12) to base 7.
-32
Convert 104 (base 13) to base 4.
2231
Convert -143 (base 8) to base 4.
-1203
-1 (base 10) to base 3
-1
Convert -50 (base 11) to base 13.
-43
What is d1 (base 14) in base 8?
267
What is 4 (base 7) in base 4?
10
222 (base 14) to base 10
422
Convert -2 (base 12) to base 11.
-2
What is -146 (base 9) in base 2?
-1111011
Convert -82 (base 12) to base 11.
-8a
What is 316 (base 7) in base 4?
2200
What is 8 (base 14) in base 9?
8
111000 (base 2) to base 9
62
What is -10 (base 3) in base 2?
-11
What is -1 (base 14) in base 2?
-1
1 (base 5) to base 11
1
9b (base 12) to base 16
77
-332 (base 6) to base 13
-9b
What is 1 (base 16) in base 15?
1
-2 (base 3) to base 16
-2
Convert 1201 (base 3) to base 12.
3a
What is -5 (base 8) in base 13?
-5
What is 22 (base 3) in base 6?
12
What is -64 (base 16) in base 8?
-144
19 (base 10) to base 11
18
13 (base 5) to base 8
10
224 (base 5) to base 2
1000000
What is 31 (base 9) in base 14?
20
Convert 29 (base 10) to base 13.
23
Convert 1c (base 15) to base 8.
33
Convert 2f (base 16) to base 12.
3b
Convert 303 (base 5) to base 14.
58
Convert -110 (base 2) to base 5.
-11
-3 (base 12) to base 4
-3
Convert 108 (base 9) to base 8.
131
177 (base 10) to base 3
20120
What is 7 (base 14) in base 13?
7
Convert 213 (base 10) to base 7.
423
What is -1 (base 11) in base 4?
-1
Convert -4 (base 13) to base 5.
-4
Convert 57 (base 8) to base 12.
3b
What is -7 (base 8) in base 6?
-11
What is 6 (base 12) in base 11?
6
Convert -7a (base 12) to base 13.
-73
What is -21 (base 3) in base 16?
-7
0 (base 8) to base 4
0
What is -13 (base 4) in base 14?
-7
Convert 3 (base 9) to base 11.
3
6 (base 16) to base 2
110
What is -16 (base 13) in base 12?
-17
Convert 11 (base 2) to base 8.
3
5 (base 13) to base 12
5
-12 (base 8) to base 5
-20
Convert 251 (base 9) to base 3.
21201
Convert -104 (base 5) to base 11.
-27
142 (base 9) to base 4
1313
What is 110 (base 6) in base 4?
222
What is 2 (base 16) in base 3?
2
Convert -3 (base 13) to base 8.
-3
Convert 20011 (base 3) to base 10.
166
Convert -1000 (base 2) to base 16.
-8
-17 (base 14) to base 5
-41
64 (base 7) to base 15
31
2 (base 14) to base 16
2
242 (base 10) to base 4
3302
Convert -3 (base 10) to base 4.
-3
What is -3 (base 6) in base 14?
-3
9 (base 14) to base 10
9
Convert 1 (base 4) to base 10.
1
What is 12 (base 8) in base 9?
11
10 (base 2) to base 11
2
Convert 12 (base 5) to base 16.
7
Convert 0 (base 12) to base 3.
0
4 (base 15) to base 6
4
What is 2a2 (base 11) in base 10?
354
Convert 55 (base 13) to base 3.
2121
What is -11020 (base 4) in base 8?
-510
Convert 2 (base 13) to base 3.
2
29 (base 13) to base 16
23
What is -9 (base 16) in base 8?
-11
Convert 14 (base 14) to base 5.
33
-11 (base 3) to base 12
-4
1 (base 8) to base 2
1
-163 (base 7) to base 16
-5e
Convert -c (base 15) to base 5.
-22
Convert -121 (base 3) to base 2.
-10000
What is -5 (base 16) in base 14?
-5
Convert 22 (base 7) to base 11.
15
2c (base 13) to base 8
46
Convert -288 (base 10) to base 7.
-561
What is -66 (base 8) in base 3?
-2000
Convert -202 (base 4) to base 15.
-24
-3 (base 4) to base 12
-3
Convert 43 (base 16) to base 13.
52
What is 11011 (base 2) in base 11?
25
3 (base 5) to base 11
3
-2 (base 4) to base 9
-2
Convert 24 (base 15) to base 3.
1021
What is 5 (base 10) in base 7?
5
Convert 10 (base 15) to base 12.
13
What is 4 (base 9) in base 13?
4
What is 110 (base 2) in base 13?
6
Convert 101 (base 8) to base 9.
72
10011 (base 2) to base 15
14
1 (base 14) to base 4
1
46 (base 11) to base 5
200
Convert -37 (base 12) to base 7.
-61
Convert 19 (base 10) to base 7.
25
Convert -11 (base 12) to base 10.
-13
What is 32 (base 6) in base 7?
26
Convert -1 (base 13) to base 10.
-1
Convert 1c (base 16) to base 14.
20
Convert -4c (base 13) to base 14.
-48
Convert 6 (base 11) to base 16.
6
What is 63 (base 10) in base 13?
4b
What is -6 (base 14) in base 12?
-6
2 (base 10) to base 16
2
What is -11 (base 5) in base 4?
-12
-131 (base 12) to base 5
-1211
Convert 0 (base 5) to base 8.
0
What is -137 (base 9) in base 14?
-83
2 (base 7) to base 16
2
What is 3 (base 7) in base 10?
3
0 (base 12) to base 6
0
Convert -1100 (base 2) to base 13.
-c
What is 1 (base 12) in base 13?
1
Convert 9 (base 15) to base 11.
9
-3 (base 4) to base 10
-3
10 (base 8) to base 14
8
-8 (base 15) to base 10
-8
What is -25 (base 8) in base 3?
-210
Convert 11 (base 2) to base 16.
3
What is 4 (base 7) in base 15?
4
Convert 29 (base 15) to base 6.
103
50 (base 10) to base 5
200
1011 (base 2) to base 4
23
What is 111011 (base 2) in base 16?
3b
What is 1 (base 13) in base 5?
1
Convert -4 (base 15) to base 4.
-10
10010111 (base 2) to base 3
12121
-6 (base 8) to base 5
-11
What is -224 (base 9) in base 12?
-134
What is -113 (base 9) in base 16?
-5d
3 (base 13) to base 9
3
What is -20 (base 14) in base 5?
-103
Convert 3 (base 5) to base 15.
3
Convert 44 (base 13) to base 9.
62
-15 (base 13) to base 10
-18
What is 2 (base 15) in base 7?
2
What is 42 (base 9) in base 4?
212
What is -22 (base 7) in base 5?
-31
Convert 4 (base 13) to base 8.
4
What is -11 (base 12) in base 13?
-10
What is 405 (base 7) in base 14?
105
What is 3 (base 10) in base 13?
3
Convert 113 (base 5) to base 3.
1020
What is 1a (base 15) in base 10?
25
Convert 95 (base 16) to base 15.
9e
What is -58 (base 10) in base 5?
-213
What is 11 (base 2) in base 3?
10
Convert -11 (base 2) to base 12.
-3
What is -236 (base 11) in base 2?
-100011001
-1 (base 8) to base 12
-1
-11 (base 4) to base 8
-5
Convert -37 (base 10) to base 2.
-100101
What is 10 (base 2) in base 9?
2
What is -2 (base 7) in base 5?
-2
Convert 184 (base 13) to base 14.
15b
14 (base 5) to base 9
10
160 (base 9) to base 3
12000
35 (base 6) to base 4
113
Convert -3230 (base 4) to base 10.
-236
What is 1 (base 12) in base 4?
1
-236 (base 8) to base 12
-112
-100011 (base 2) to base 11
-32
What is 10 (base 3) in base 8?
3
Convert 42 (base 9) to base 14.
2a
What is 0 (base 10) in base 4?
0
Convert -4 (base 14) to base 3.
-11
Convert -75 (base 12) to base 7.
-155
Convert 2 (base 15) to base 16.
2
Convert -2 (base 3) to base 16.
-2
-200 (base 3) to base 5
-33
Convert -123 (base 4) to base 5.
-102
4 (base 11) to base 10
4
What is 443 (base 6) in base 12?
123
What is 1 (base 13) in base 15?
1
What is 4 (base 6) in base 13?
4
-2 (base 9) to base 13
-2
1 (base 12) to base 4
1
0 (base 13) to base 8
0
What is 46 (base 7) in base 15?
24
2 (base 5) to base 6
2
Convert -14 (base 15) to base 11.
-18
-16 (base 15) to base 13
-18
Convert 1 (base 14) to base 3.
1
Convert 4 (base 8) to base 9.
4
Convert 14 (base 6) to base 9.
11
C